prime factors of y(-3).
2, 3, 271
Let d be 11421/15 + 2*4/(-20). Let g = -542 + d. List the prime factors of g.
3, 73
Suppose 57198 = -415*j + 417*j - 3*r, 3*r = 6. List the prime factors of j.
2, 3, 7, 227
Let p(w) = -w**3 + 35*w**2 + 73*w - 26. List the prime factors of p(36).
2, 653
Let m = 5143 - 351. Suppose 5*h - a = 5990, -4*h = 16*a - 11*a - m. What are the prime factors of h?
2, 599
Let g = 321 + -303. Suppose g*o = -3554 + 23750. What are the prime factors of o?
2, 3, 11, 17
Let y(q) = q**2 - 32*q + 192. Let f be y(8). Let l(x) = -x + 7. Let d be l(4). Suppose f = -0*v - d*v + 90. List the prime factors of v.
2, 3, 5
Let r(l) = 2*l**3 - 26*l**2 - 101*l - 72. List the prime factors of r(24).
2, 3, 53
Let s = -2085 + 2032. Let w be (-598)/18 - (-4)/18. Let o = w - s. What are the prime factors of o?
2, 5
Suppose -3*v = -4*x - 35, -5*v - 2*x + 9 = -32. Suppose -v*p + 17186 = -238. List the prime factors of p.
2, 11
Let f = 50 - 252. Let t = f + 552. What are the prime factors of t?
2, 5, 7
Let t(l) = -l**3 + 2*l**2 - 2*l + 4. Let h be t(4). List the prime factors of ((-279)/h - 8) + (-3514)/(-8).
439
Let a(j) = 49*j**2 - 448*j - 130. List the prime factors of a(-26).
2, 13, 17, 101
Let q(w) = 6*w - 44. Let r be q(7). Let f(m) = -427*m + 15. List the prime factors of f(r).
11, 79
Let f be ((-8)/(-6))/((-1)/105*-5). Suppose -2*j + 32 = -u + 5*u, -4*u = 3*j - f. Let v = u - -29. What are the prime factors of v?
3, 13
Let r(i) = -2 + 8*i + 11 + i**2 + 2 + 1. Let q be r(-4). List the prime factors of 1/((q - -3)/(-140)).
2, 5, 7
Suppose -5*d + 25 = 0, -4*o + 3*d = 2*d - 279. Let r = 314 - o. What are the prime factors of r?
3
Let k(u) = -52*u - 4. Let j be k(-6). List the prime factors of j - (30/5 + 0).
2, 151
List the prime factors of ((-15552)/(-189))/(3/231).
2, 3, 11
Let f(j) be the third derivative of 9*j**5/10 - j**4/24 - 2*j**3/3 - 16*j**2 + 4. Suppose -5 = -2*b - 1. List the prime factors of f(b).
2, 3, 5, 7
Let i = -3661 + 6000. What are the prime factors of i?
2339
Let k(s) = s**3 + 53*s**2 + 29*s + 143. List the prime factors of k(-51).
2, 1933
Let w = 792 - 788. Suppose -5*n - 5*f + 5852 - 832 = 0, 3*f - 4014 = -w*n. What are the prime factors of n?
2, 3, 167
Let a be ((-146)/3)/(9/(162/12)). Suppose 47 = -2*n - 2*s - 1, -5*n - 85 = -2*s. List the prime factors of (n - -16)*(-2)/((-6)/a).
73
Let u be (-5 + 611/5)/(1/5). Let p = u + -359. What are the prime factors of p?
227
Let c(a) = 13839*a - 1764. List the prime factors of c(1).
3, 5, 7, 23
Let x(a) = 128*a + 9905. What are the prime factors of x(98)?
3, 7, 1069
Let v(m) = 151*m**2 - 24*m + 4. List the prime factors of v(-9).
12451
Let z(j) = -7*j + 5. Let k be 120/10*7/4. Suppose p + 5*x + 29 = 0, 5*x = -4*p - k - 20. What are the prime factors of z(p)?
3, 11
Let j(y) = -y**2 - y + 112. Let z be j(0). Suppose -z + 420 = -11*a. Let u = 45 - a. List the prime factors of u.
73
Let w = -458 + 463. Suppose 0 = -w*i - 5*r + 4945, 0 = -i + 25*r - 27*r + 984. List the prime factors of i.
2, 7, 71
Let a(q) be the third derivative of 5*q**4 - 11*q**3/3 + 51*q**2. List the prime factors of a(2).
2, 109
Let u(s) = -1249*s - 757. List the prime factors of u(-8).
5, 1847
List the prime factors of (-153 + 168)*(-2 + 1209/30*4).
2, 3, 199
Suppose 284*w = 254*w + 284790. What are the prime factors of w?
11, 863
Let s(l) = -8*l**3 - 5*l**2 - 7*l - 5. Let f(n) = -22*n - 1. Let p be f(-1). Suppose 20*t - 2 = p*t. List the prime factors of s(t).
53
Let x(n) = n**3 + 5*n**2 - 2*n + 4. Let i be x(-5). Suppose i*h = 35*h - 16044. What are the prime factors of h?
2, 191
Let v(i) = -16*i - 106. Let k be v(-8). Suppose 8*g = 3*g + 5*m + 15, -5*m = g + 3. Suppose k = g*z - 174. List the prime factors of z.
2, 7
Suppose -5*d = -q + 3*q - 700, -140 = -d - 4*q. Suppose 400 = 2*h + d. Let b = -29 + h. List the prime factors of b.
101
Let s(g) = 2*g + 12. Let b = -63 + 64. Let c be ((-5)/(-3))/(((-2)/b)/(-6)). List the prime factors of s(c).
2, 11
Let d(w) = -2*w**3 + 197*w**2 - 94*w + 527. What are the prime factors of d(98)?
919
List the prime factors of (-2)/5 + (-1157364)/(-260).
4451
Suppose 8 = -r + 5*r. Suppose -2*f = -l + 432, 2*l - 5*l + 1312 = -r*f. List the prime factors of 3 + 7/(35/l).
7, 13
List the prime factors of (-30)/5 - (8 + -4012 + -1).
3, 31, 43
Let b(g) = 694*g**2 - 7*g + 17. List the prime factors of b(3).
2, 3121
Suppose -4*f - 2056 = -2*d, -f = -3*d - 0*f + 3069. Suppose -4*l + 809 + d = i, -l = 5*i - 453. List the prime factors of l.
2, 229
Suppose 0 = -23*p + 3*p + 89360. Suppose 4*u - 4*r = p, 14*u + 3*r = 10*u + 4433. What are the prime factors of u?
2, 139
Let n = 5470 + -3277. Let m = n + -926. List the prime factors of m.
7, 181
Let c be (-5 + 6/(-3))*(-16)/56. What are the prime factors of (c/5)/(3/7185)?
2, 479
Let z(t) = -16*t + 443. Let k(a) = 23*a - 664. Let v(q) = -5*k(q) - 8*z(q). What are the prime factors of v(33)?
5, 41
Let z(k) = k**2 - 18*k + 47. Let g be z(15). What are the prime factors of -193*(-8 + g - -3)?
3, 193
Let z be (1 + (-1 - -1))*4. Suppose 104*b - 105*b + z = 0. Let a(l) = -3*l + 14. List the prime factors of a(b).
2
Suppose -46*m - 111*m + 2208667 = -48*m. List the prime factors of m.
23, 881
Let z(n) = 2*n**3 - 2*n**2 - 69*n + 450. List the prime factors of z(9).
3, 5
Suppose 0 = -30*x + 1286065 + 1206977 - 679362. What are the prime factors of x?
2, 3, 11, 229
Suppose -5*y = -25, -4*y = 4*a - y - 175. Let l(v) = -19 + 8*v**2 - 18 + a + 17*v**2. What are the prime factors of l(-2)?
103
Let u be ((-121)/5 - 1)/((-52)/1560). Let j = 1290 - u. List the prime factors of j.
2, 3, 89
Let d be 54/(-36)*(1 + 14/(-6)). Suppose -2*k = -4*g, 4*k + d*g = -3*g. Let v(f) = -f + 87. What are the prime factors of v(k)?
3, 29
Let x = -170 - -167. Let k = -3 - -3. List the prime factors of (k - 2) + (6 - x).
7
List the prime factors of -4 + 48/10 + 143304/20.
2, 3583
Let w = -957 - -229. Let d = -408 - w. What are the prime factors of d?
2, 5
Suppose -31 + 19 = n. Let u be (-20)/(-12)*n/(-10). Suppose 4*q - u*t = 304, -4*q - 2*t = t - 314. List the prime factors of q.
7, 11
Let y(u) = 2*u**3 + 11*u**2 - 11*u + 4. Let r be y(-6). Suppose -6*f + r = -8. Let q = f + 21. List the prime factors of q.
2, 7
Suppose s = u - 92, -5*u + 370 + 78 = -2*s. Suppose 363 = 2*i + 3*a, 4*i + u - 811 = -3*a. What are the prime factors of i?
2, 3, 5
Suppose 3*b = 6*b - 9. Suppose -c = -0*c - 4*c. What are the prime factors of (-2)/b*(-53*3 - c)?
2, 53
Let u = 144 - 140. Suppose 4*k = 2*k - 5*q - 17, u*k + 9 = -5*q. Suppose -5*p = 5*w - 4*w - 113, -k = 4*p. List the prime factors of w.
2, 59
Suppose x + 5*y - 67457 = 0, x + 27*y - 20*y = 67461. What are the prime factors of x?
67447
What are the prime factors of (-2)/(-5) - (-9 - (-11 - 303/(-5)))?
59
Let y = -17443 + 30798. List the prime factors of y.
5, 2671
Let v = -488 - -893. Let x = 712 - v. What are the prime factors of x?
307
Suppose -175*u + 176*u - 66411 = -m, -265632 = -4*m - 2*u. What are the prime factors of m?
3, 5, 19, 233
Let p(x) = -3*x**3 + 61*x**2 - 16*x + 79. List the prime factors of p(18).
29, 71
Let l(n) = -7*n - 43. Let x be l(14). Let f = 143 + x. List the prime factors of f.
2
Let v(h) be the first derivative of -5*h**2/2 - 5*h + 5. Let u be v(-2). Suppose 9*z = u*z + 248. List the prime factors of z.
2, 31
Let g = 17746 - 9645. List the prime factors of g.
8101
Let z(k) = 543*k - 1127. List the prime factors of z(9).
2, 5, 47
Suppose -16*p - 134 + 1350 = 0. Suppose 84*l - p*l - 5880 = 0. What are the prime factors of l?
3, 5, 7
Suppose 1480 = 2*m - c, 5*c = -58*m + 60*m - 1472. Let l = 1972 - m. What are the prime factors of l?
1231
Suppose 8*q - 13*q = 2*d - 142658, 0 = -d - 1. List the prime factors of q.
2, 7, 1019
Let l = -1502 + 2490. Suppose -4*m + l = -4*d + 2808, 2*d = 3*m + 905. Suppose 264 = 2*p + 4*o + 80, 5*p + 3*o = d. List the prime factors of p.
2, 23
Let s = -200 - -3746. What are the prime factors of s?
2, 3, 197
Let g = -2564 + 28467. What are the prime factors of g?
25903
Let d = 6901 - -4804. What are the prime factors of d?
5, 2341
Suppose -377340 = -44*n - 28*n + 42*n. What are the prime factors of n?
2, 19, 331
List the prime factors of (13 - 31)/18 + (-2 - -16573).
2, 5, 1657
Let